{"id":65,"date":"2013-11-09T16:51:06","date_gmt":"2013-11-09T16:51:06","guid":{"rendered":"http:\/\/fuidio.com\/?page_id=65"},"modified":"2016-05-18T19:14:26","modified_gmt":"2016-05-18T19:14:26","slug":"nuestros-vinos","status":"publish","type":"page","link":"https:\/\/fuidio.com\/?page_id=65","title":{"rendered":"Ven y Visitanos"},"content":{"rendered":"<p>\u00bfQuieres conocer como se hace un vino?<br \/>\nNosotros te lo ense\u00f1amos.<br \/>\nVer\u00e1s nuestras vi\u00f1as, conocer\u00e1s nuestra bodega.Y, adem\u00e1s, degustaremos juntos una tradicional parrillada al sarmiento, acompa\u00f1ado de nuestros vinos.<br \/>\nUna experiencia inolvidable!!!!<\/p>\n<p><a href=\"http:\/\/fuidio.com\/wp-content\/uploads\/2013\/11\/11709647_377000819162266_4235151172503963909_n.jpg\"><img loading=\"lazy\" src=\"http:\/\/fuidio.com\/wp-content\/uploads\/2013\/11\/11709647_377000819162266_4235151172503963909_n-300x225.jpg\" alt=\"11709647_377000819162266_4235151172503963909_n\" width=\"300\" height=\"225\" class=\"alignnone size-medium wp-image-359\" srcset=\"https:\/\/fuidio.com\/wp-content\/uploads\/2013\/11\/11709647_377000819162266_4235151172503963909_n-300x225.jpg 300w, https:\/\/fuidio.com\/wp-content\/uploads\/2013\/11\/11709647_377000819162266_4235151172503963909_n.jpg 640w\" sizes=\"(max-width: 300px) 100vw, 300px\" \/><\/a>  <a href=\"http:\/\/fuidio.com\/wp-content\/uploads\/2013\/11\/11196280_355357564659925_3259695489050326603_n.jpg\"><img loading=\"lazy\" src=\"http:\/\/fuidio.com\/wp-content\/uploads\/2013\/11\/11196280_355357564659925_3259695489050326603_n-300x225.jpg\" alt=\"11196280_355357564659925_3259695489050326603_n\" width=\"300\" height=\"225\" class=\"alignnone size-medium wp-image-360\" srcset=\"https:\/\/fuidio.com\/wp-content\/uploads\/2013\/11\/11196280_355357564659925_3259695489050326603_n-300x225.jpg 300w, https:\/\/fuidio.com\/wp-content\/uploads\/2013\/11\/11196280_355357564659925_3259695489050326603_n.jpg 640w\" sizes=\"(max-width: 300px) 100vw, 300px\" \/><\/a><\/p>\n<p><a href=\"http:\/\/fuidio.com\/wp-content\/uploads\/2013\/11\/IMG_0001.jpg\"><img loading=\"lazy\" class=\"alignnone size-medium wp-image-85\" alt=\"DIGITAL IMAGE\" src=\"http:\/\/fuidio.com\/wp-content\/uploads\/2013\/11\/IMG_0001-300x225.jpg\" width=\"300\" height=\"225\" srcset=\"https:\/\/fuidio.com\/wp-content\/uploads\/2013\/11\/IMG_0001-300x225.jpg 300w, https:\/\/fuidio.com\/wp-content\/uploads\/2013\/11\/IMG_0001.jpg 640w\" sizes=\"(max-width: 300px) 100vw, 300px\" \/><\/a> <a href=\"http:\/\/fuidio.com\/wp-content\/uploads\/2013\/11\/IMG_0008.jpg\"><img loading=\"lazy\" class=\"alignnone size-medium wp-image-86\" alt=\"DIGITAL IMAGE\" src=\"http:\/\/fuidio.com\/wp-content\/uploads\/2013\/11\/IMG_0008-300x225.jpg\" width=\"300\" height=\"225\" srcset=\"https:\/\/fuidio.com\/wp-content\/uploads\/2013\/11\/IMG_0008-300x225.jpg 300w, https:\/\/fuidio.com\/wp-content\/uploads\/2013\/11\/IMG_0008.jpg 640w\" sizes=\"(max-width: 300px) 100vw, 300px\" \/><\/a> <a href=\"http:\/\/fuidio.com\/wp-content\/uploads\/2013\/11\/IMG_0012.jpg\"><img loading=\"lazy\" class=\"alignnone size-medium wp-image-87\" alt=\"DIGITAL IMAGE\" src=\"http:\/\/fuidio.com\/wp-content\/uploads\/2013\/11\/IMG_0012-300x225.jpg\" width=\"300\" height=\"225\" srcset=\"https:\/\/fuidio.com\/wp-content\/uploads\/2013\/11\/IMG_0012-300x225.jpg 300w, https:\/\/fuidio.com\/wp-content\/uploads\/2013\/11\/IMG_0012.jpg 640w\" sizes=\"(max-width: 300px) 100vw, 300px\" \/><\/a> <a href=\"http:\/\/fuidio.com\/wp-content\/uploads\/2013\/11\/IMG_00142.jpg\"><img loading=\"lazy\" class=\"alignnone size-medium wp-image-88\" alt=\"DIGITAL IMAGE\" src=\"http:\/\/fuidio.com\/wp-content\/uploads\/2013\/11\/IMG_00142-300x225.jpg\" width=\"300\" height=\"225\" srcset=\"https:\/\/fuidio.com\/wp-content\/uploads\/2013\/11\/IMG_00142-300x225.jpg 300w, https:\/\/fuidio.com\/wp-content\/uploads\/2013\/11\/IMG_00142.jpg 640w\" sizes=\"(max-width: 300px) 100vw, 300px\" \/><\/a><\/p>\n<p>&nbsp;<\/p>\n<p>&nbsp;<\/p>\n","protected":false},"excerpt":{"rendered":"<p>\u00bfQuieres conocer como se hace un vino? Nosotros te lo ense\u00f1amos. Ver\u00e1s nuestras vi\u00f1as, conocer\u00e1s nuestra bodega.Y, adem\u00e1s, degustaremos juntos una tradicional parrillada al sarmiento, acompa\u00f1ado de nuestros vinos. Una experiencia inolvidable!!!! &nbsp; &nbsp;<\/p>\n","protected":false},"author":1,"featured_media":108,"parent":0,"menu_order":0,"comment_status":"closed","ping_status":"closed","template":"","meta":[],"_links":{"self":[{"href":"https:\/\/fuidio.com\/index.php?rest_route=\/wp\/v2\/pages\/65"}],"collection":[{"href":"https:\/\/fuidio.com\/index.php?rest_route=\/wp\/v2\/pages"}],"about":[{"href":"https:\/\/fuidio.com\/index.php?rest_route=\/wp\/v2\/types\/page"}],"author":[{"embeddable":true,"href":"https:\/\/fuidio.com\/index.php?rest_route=\/wp\/v2\/users\/1"}],"replies":[{"embeddable":true,"href":"https:\/\/fuidio.com\/index.php?rest_route=%2Fwp%2Fv2%2Fcomments&post=65"}],"version-history":[{"count":8,"href":"https:\/\/fuidio.com\/index.php?rest_route=\/wp\/v2\/pages\/65\/revisions"}],"predecessor-version":[{"id":362,"href":"https:\/\/fuidio.com\/index.php?rest_route=\/wp\/v2\/pages\/65\/revisions\/362"}],"wp:featuredmedia":[{"embeddable":true,"href":"https:\/\/fuidio.com\/index.php?rest_route=\/wp\/v2\/media\/108"}],"wp:attachment":[{"href":"https:\/\/fuidio.com\/index.php?rest_route=%2Fwp%2Fv2%2Fmedia&parent=65"}],"curies":[{"name":"wp","href":"https:\/\/api.w.org\/{rel}","templated":true}]}}